t the prime factors of d.
2, 7
Suppose -3*o - 2*o = -35. What are the prime factors of o/(-28) - 41/(-4)?
2, 5
Suppose -4*o = -37 - 31. Suppose -4*u - 5*y + 33 = 0, -4*u - 4*y + 9*y = o. List the prime factors of u.
2
Suppose 5*g = 3*g. Suppose g = 5*d + 43 - 3. Let o = d + 12. List the prime factors of o.
2
Suppose c + 49 = 2*y, 2*y = 4*y - 3*c - 39. Suppose -3*v + 2*o - 29 = 3*o, -4*v + o = y. Let l = 13 + v. List the prime factors of l.
5
Let m = 11 - 15. Let w be 5 - 2/(-4)*m. Suppose 4*u = 5*p + 45, -1 - 14 = w*p. What are the prime factors of u?
5
Let n be -2 - -1 - (-3 + 2). Suppose 0 = -n*a + 4*a - 72. List the prime factors of a.
2, 3
Suppose -i + 0*p + 204 = -2*p, i - p = 207. What are the prime factors of i?
2, 3, 5, 7
Let z(g) = 3*g**3 - g**2 + g. Let x be z(1). Let r = x + -3. Suppose r = -3*b - 2*b + 35. List the prime factors of b.
7
Suppose -h - 7 = -2*a, -4*a + 23 = -3*h - 2*h. Let k = 12 + h. List the prime factors of 3/k + 14/3.
5
Suppose -2*w = 5*h + 10, -2*h - h = -w - 5. Let c(k) = k**2 + k - 2. What are the prime factors of c(w)?
2, 3
List the prime factors of (31/(-6))/(1/(-6)).
31
Let g be (-6)/21 + (-188)/28. Let b(t) = t**2 + 6*t - 5. Let i be b(g). What are the prime factors of (i/(-2))/((-2)/22)?
11
Let y(u) be the second derivative of -u**3/6 + 6*u**2 + 5*u. What are the prime factors of y(0)?
2, 3
List the prime factors of (-1)/1*(-59 - -2).
3, 19
Let g(n) = n**3 - n**2 + 145. What are the prime factors of g(0)?
5, 29
Let s(i) = 3*i - 2*i - 2*i - i. List the prime factors of s(-10).
2, 5
Suppose 3*y = 1481 - 359. List the prime factors of y.
2, 11, 17
Let u = -10 - -13. Suppose 0 = u*l + l - 168. List the prime factors of l.
2, 3, 7
List the prime factors of 2 + 56/(-2 + 3).
2, 29
Let p(m) = 14*m**2 + 2*m - 4. Let v be p(2). Let x = v + -29. What are the prime factors of x?
3
List the prime factors of (-494)/(2*(0 + -2 - -1)).
13, 19
Let y = 17 - 13. Suppose y*v + 24 = p - v, -4*v - 24 = -2*p. What are the prime factors of p?
2
Let p = -6 - -10. Let f be 7/2 - p/8. Suppose 0 = -f*g + 21. What are the prime factors of g?
7
Suppose y - 11 + 1 = 0. Let k(o) = o**2 - o. Let p(i) = 2*i**2 + 10*i - 13. Let t(b) = -3*k(b) + p(b). List the prime factors of t(y).
17
What are the prime factors of 10/(-15) - (-29)/3?
3
Let f = 15 + -6. What are the prime factors of f?
3
Suppose 5*v - 14 = 21. Let t = 12 - v. List the prime factors of t.
5
Let x(m) = m**3 - 3*m**2 - 4*m - 2. Let j be x(4). Let n = j - -3. Let s = n + 3. What are the prime factors of s?
2
Let g = -240 - -345. What are the prime factors of g?
3, 5, 7
Suppose -2*b - 3*z = -44, -5*b + 133 = -4*z - 0*z. Let y = b + 5. What are the prime factors of y?
2, 3, 5
Let b(c) = c**3 + 3*c**2 - 5*c + 10. List the prime factors of b(3).
7
Let u(r) = -3*r**3 - 2*r - 1. Let h be u(-1). Suppose -h*x - x + 25 = 0. Suppose -5*a = -a + x*k - 31, 4*k = -4*a + 28. List the prime factors of a.
2
Let f(h) be the third derivative of -h**4/12 + h**3/3 - 2*h**2. Let z be f(-6). What are the prime factors of (3 + -1)*-1 + z?
2, 3
Suppose 4*i = -t + 119, 3*t - 366 = -i - 2*i. List the prime factors of t.
3, 41
Let r(m) = m**2 - 9*m + 8. Let g be r(8). What are the prime factors of 1/(g - 4/(-128))?
2
Let c(k) = k + 2. Let r be c(-7). Let v be (-5)/2*4/r. Suppose -3*x + 0*s = -s - 9, -3*x = -v*s - 12. What are the prime factors of x?
2
Let o = 6 - 6. Suppose -u - 2*i + 25 = 0, -2*i = 5*u - o*i - 85. What are the prime factors of u?
3, 5
Let n(k) = 87*k**3 - 4 + 3 - k - k**2 - 103*k**3. What are the prime factors of n(-1)?
3, 5
Suppose 0 = 5*h + 2*f - 30, 4 + 6 = 2*f. What are the prime factors of h?
2
Suppose 5*o + 1 = -3*d, 5 = 3*d - 3*o + 14. List the prime factors of (d + 40/6)*3.
2, 7
Suppose z = -4*z + 95. List the prime factors of z.
19
Let s = 30 - 3. What are the prime factors of s?
3
Let x = -24 + 124. Suppose -4*z + x - 19 = -5*y, 4*z = 2*y + 66. What are the prime factors of z?
2, 7
Let b(f) = 15*f**2 + 2*f - 2. What are the prime factors of b(1)?
3, 5
Let l be 35/3 + (-6)/9. Suppose 12 = -14*v + l*v. What are the prime factors of (-18)/v*2/1?
3
Let s = -2 + -1. Let u = s + 6. What are the prime factors of u?
3
Let g(y) = 2*y**2 + 2*y - 1. Suppose -2*k - 3 = -k. What are the prime factors of g(k)?
11
Suppose s - 114 - 81 = 0. List the prime factors of s.
3, 5, 13
Suppose -3*u - u = 24. Let r be (-12)/(-9)*u/4. List the prime factors of r/(-1) + 7 - -1.
2, 5
List the prime factors of 208 + 7/((-21)/15).
7, 29
Let c = 62 - -282. What are the prime factors of c?
2, 43
Suppose -4*n = -2*c - 178, 4*n + 4*c - 3*c = 175. List the prime factors of n.
2, 11
Let h = 87 - 46. What are the prime factors of h?
41
Let b(m) = m. Let a(v) = 2*v. Let f(x) = 3*a(x) - 7*b(x). List the prime factors of f(-3).
3
List the prime factors of (-2)/11 + 4015/121.
3, 11
Let r be 2/(-7) - 12/7. Let p be (r - 0 - 21)/(-1). Let u = p + -11. List the prime factors of u.
2, 3
Suppose -14 = -2*j + 14. Let t = -9 + j. Suppose -t*v + 36 = 6. List the prime factors of v.
2, 3
Suppose d + 10 = 6*d. Suppose 0 = l - 4*l + 3*p + 6, -4*l + 20 = d*p. Suppose 7*k - l*k - 36 = 0. List the prime factors of k.
2, 3
Let j(w) = 25*w - 13. List the prime factors of j(6).
137
Let f(z) = -12*z. Suppose -4*x = -8*x - 12. List the prime factors of f(x).
2, 3
Suppose -2*m = l - 38, m + 6*l - 24 = 3*l. Suppose -3 - 3 = -2*h. Suppose -9 - m = -h*u. List the prime factors of u.
3
Suppose c - 38 = 4*r, 2*c = r + 121 - 24. List the prime factors of c.
2, 5
Let o(t) = t - 10. Let p be o(13). Suppose z = p*z - 40. What are the prime factors of z?
2, 5
Let l(c) = -c**2 - 5*c + 4. Let v be l(-5). Suppose -m = -3*m + 5*j + 26, v*j - 39 = -3*m. What are the prime factors of m?
13
Let k(z) = z**3 + 22*z**2 + 19*z - 23. List the prime factors of k(-21).
19
Suppose 2*v + 3*y = -0*v - 149, -277 = 4*v - y. Let t = v - -100. List the prime factors of t.
2, 3, 5
Let r be ((-33)/(-6))/((-2)/(-4)). Suppose 4*o - r = 5. List the prime factors of o.
2
Let p = -4 - -4. Let w be -4*2/(-4) + p. Suppose -m = -w*m + 11. List the prime factors of m.
11
Let s(a) = a. Let n be s(0). Let b(l) = n + l**3 + l - 5 + 0 + 5*l**2. List the prime factors of b(-4).
7
Suppose -5*s + 22 = -53. What are the prime factors of s?
3, 5
Suppose 0 = 2*s + 3*a - 342 + 46, s - 151 = -3*a. List the prime factors of s.
5, 29
Suppose -2*u - 4 = -4*l - 6*u, -3*l + 3*u + 9 = 0. Let y be 4/(l/(1 + 0)). Suppose -y*k + 0 = -4. List the prime factors of k.
2
List the prime factors of -4 - (-4 - 0 - 145).
5, 29
Suppose 176 + 16 = 4*g. What are the prime factors of g?
2, 3
Let n = 5 + -3. Suppose -n*l + 28 = -d - 2*d, d + 2 = 0. List the prime factors of l.
11
Let m = -30 + 50. What are the prime factors of 4/10 + 52/m?
3
Suppose 4*m = 8, 4*j = -5*m + 856 + 274. List the prime factors of j.
2, 5, 7
Let k = -100 + 178. Suppose -2*t + 2 = 0, 2*h - 2*t - k = -8. What are the prime factors of h?
2, 3
Suppose -91*l - 784 = -95*l. What are the prime factors of l?
2, 7
Suppose -248 = -7*c + 3*c. What are the prime factors of c?
2, 31
Let c = -19 + 21. What are the prime factors of (-7)/(-1) + -5 + c?
2
Suppose -q - 1 - 2 = 0. Let m be ((-3)/3)/(q/15). Suppose m = x - 2. List the prime factors of x.
7
Let p = 16 - 31. Let h be 1 + (23 - 0/2). Let g = h + p. List the prime factors of g.
3
Let a = -7 + 11. Suppose 1 = -2*n - 9. What are the prime factors of (a - n) + (0 - 0)?
3
Let w(s) = s**2 - 8*s - 1. What are the prime factors of w(9)?
2
Suppose 4*x - 398 = c + c, 0 = -x + 5*c + 86. List the prime factors of x.
101
Suppose -9 = r - 4*r + 3*t, -5*t - 15 = 4*r. Let h be (2/(-4) - r)*64. Let o = h - -47. List the prime factors of o.
3, 5
Let c(z) be the second derivative of -1/12*z**4 - z**3 + z + 5*z**2 + 0. What are the prime factors of c(-7)?
3
Let v(i) = 3*i - 15. Let h be v(6). Suppose h*j + 2*q = 22, 2*j = j - 4*q + 4. What are the prime factors of j?
2
Suppose 0 = 3*r + 3*u + 60, 4*r - 3*u + 35 + 52 = 0. Let k = r + 29. Suppose 2*y + k = 3*y - v, -2*v = -5*y + 31. List the prime factors of y.
5
List the prime factors of -4 - -118 - (-3 - -4).
113
Suppose 8*o - 4 = 6*o. List the prime factors of o.
2
Suppose x + 4*p = 6*x - 36, x - 2*p = 12. Suppose 0 = -s - x*s. Suppose 5*h + 3*i - 69 = s,